{"id":13,"date":"2011-10-24T16:24:10","date_gmt":"2011-10-24T16:24:10","guid":{"rendered":"http:\/\/retinacanada.com\/fr\/?page_id=13"},"modified":"2011-10-24T16:24:10","modified_gmt":"2011-10-24T16:24:10","slug":"la-fondation-en-bref","status":"publish","type":"page","link":"https:\/\/retinacanada.com\/fr\/?page_id=13","title":{"rendered":"La fondation en bref"},"content":{"rendered":"<h3><strong>M. Sean Murphy : Pr\u00e9sident honoraire du conseil<\/strong><\/h3>\n<p align=\"left\">Titulaire d\u2019un dipl\u00f4me de m\u00e9decine des universit\u00e9s Harvard et McGill, Sean Murphy m\u00e8ne une brillante carri\u00e8re en ophtalmologie. Il a \u00e9t\u00e9 chef du d\u00e9partement d\u2019ophtalmologie de l\u2019H\u00f4pital Royal Victoria ainsi que professeur et directeur du d\u00e9partement d\u2019ophtalmologie de l\u2019Universit\u00e9 McGill, o\u00f9 il est maintenant professeur \u00e9m\u00e9rite dans ce domaine. Il a \u00e9galement agi \u00e0 titre de pr\u00e9sident de la Soci\u00e9t\u00e9 canadienne d&rsquo;ophtalmologie.<\/p>\n<p align=\"left\">En outre, M. Murphy a \u00e9t\u00e9 pr\u00e9sident du Mus\u00e9e des beaux-arts de Montr\u00e9al et il est membre du comit\u00e9 ex\u00e9cutif du Conseil des Arts du Canada et pr\u00e9sident du conseil de fiduciaires des Mus\u00e9es nationaux du Canada.<\/p>\n<h3>La fondation de la r\u00e9tine du Canada, conseil d&rsquo;administration:<\/h3>\n<ul>\n<li>Dr John Chen<br \/>\njohn.chen@retinacanada.com<\/li>\n<li>Dr John Galic<br \/>\njohn.galic@retinacanada.com<\/li>\n<li>Donald Walcot<br \/>\ndonald.walcot@retinacanada.com<\/li>\n<li>Joe Jospe<br \/>\njoe.jospe@retinacanada.com<\/li>\n<li>Allan Berger<br \/>\nallan.berger@retinacanada.com<\/li>\n<li>Bruce Norton<br \/>\nbruce.norton@retinacanada.com<\/li>\n<\/ul>\n","protected":false},"excerpt":{"rendered":"<p>M. Sean Murphy : Pr\u00e9sident honoraire du conseil Titulaire d\u2019un dipl\u00f4me de m\u00e9decine des universit\u00e9s Harvard et McGill, Sean Murphy m\u00e8ne une brillante carri\u00e8re en ophtalmologie. Il a \u00e9t\u00e9 chef du d\u00e9partement d\u2019ophtalmologie de l\u2019H\u00f4pital Royal Victoria ainsi que professeur et directeur du d\u00e9partement d\u2019ophtalmologie de l\u2019Universit\u00e9 McGill, o\u00f9 il est maintenant professeur \u00e9m\u00e9rite dans &hellip; <a href=\"https:\/\/retinacanada.com\/fr\/?page_id=13\" class=\"more-link\">Continuer la lecture de <span class=\"screen-reader-text\">La fondation en bref<\/span><\/a><\/p>\n","protected":false},"author":1,"featured_media":0,"parent":0,"menu_order":0,"comment_status":"closed","ping_status":"closed","template":"","meta":{"footnotes":""},"class_list":["post-13","page","type-page","status-publish","hentry"],"_links":{"self":[{"href":"https:\/\/retinacanada.com\/fr\/index.php?rest_route=\/wp\/v2\/pages\/13","targetHints":{"allow":["GET"]}}],"collection":[{"href":"https:\/\/retinacanada.com\/fr\/index.php?rest_route=\/wp\/v2\/pages"}],"about":[{"href":"https:\/\/retinacanada.com\/fr\/index.php?rest_route=\/wp\/v2\/types\/page"}],"author":[{"embeddable":true,"href":"https:\/\/retinacanada.com\/fr\/index.php?rest_route=\/wp\/v2\/users\/1"}],"replies":[{"embeddable":true,"href":"https:\/\/retinacanada.com\/fr\/index.php?rest_route=%2Fwp%2Fv2%2Fcomments&post=13"}],"version-history":[{"count":0,"href":"https:\/\/retinacanada.com\/fr\/index.php?rest_route=\/wp\/v2\/pages\/13\/revisions"}],"wp:attachment":[{"href":"https:\/\/retinacanada.com\/fr\/index.php?rest_route=%2Fwp%2Fv2%2Fmedia&parent=13"}],"curies":[{"name":"wp","href":"https:\/\/api.w.org\/{rel}","templated":true}]}}

<h3><strong>M. Sean Murphy : Président honoraire du conseil</strong></h3>
<p align="left">Titulaire d’un diplôme de médecine des universités Harvard et McGill, Sean Murphy mène une brillante carrière en ophtalmologie. Il a été chef du département d’ophtalmologie de l’Hôpital Royal Victoria ainsi que professeur et directeur du département d’ophtalmologie de l’Université McGill, où il est maintenant professeur émérite dans ce domaine. Il a également agi à titre de président de la Société canadienne d&rsquo;ophtalmologie.</p>
<p align="left">En outre, M. Murphy a été président du Musée des beaux-arts de Montréal et il est membre du comité exécutif du Conseil des Arts du Canada et président du conseil de fiduciaires des Musées nationaux du Canada.</p>
<h3>La fondation de la rétine du Canada, conseil d&rsquo;administration:</h3>
<ul>
<li>Dr John Chen<br />
john.chen@retinacanada.com</li>
<li>Dr John Galic<br />
john.galic@retinacanada.com</li>
<li>Donald Walcot<br />
donald.walcot@retinacanada.com</li>
<li>Joe Jospe<br />
joe.jospe@retinacanada.com</li>
<li>Allan Berger<br />
allan.berger@retinacanada.com</li>
<li>Bruce Norton<br />
bruce.norton@retinacanada.com</li>
</ul>

<p>M. Sean Murphy : Président honoraire du conseil Titulaire d’un diplôme de médecine des universités Harvard et McGill, Sean Murphy mène une brillante carrière en ophtalmologie. Il a été chef du département d’ophtalmologie de l’Hôpital Royal Victoria ainsi que professeur et directeur du département d’ophtalmologie de l’Université McGill, où il est maintenant professeur émérite dans &hellip; <a href="https://retinacanada.com/fr/?page_id=13" class="more-link">Continuer la lecture de <span class="screen-reader-text">La fondation en bref</span></a></p>
